{"id":260,"date":"2021-12-20T14:10:12","date_gmt":"2021-12-20T13:10:12","guid":{"rendered":"http:\/\/szkolenia.obserwatornia.pl\/?page_id=260"},"modified":"2024-02-27T16:04:29","modified_gmt":"2024-02-27T15:04:29","slug":"rekomendacje","status":"publish","type":"page","link":"https:\/\/kb.strefaistnienia.pl\/index.php\/rekomendacje\/","title":{"rendered":"Referencje"},"content":{"rendered":"<div class=\"wp-block-image\">\n<figure class=\"aligncenter size-large\"><img loading=\"lazy\" decoding=\"async\" width=\"653\" height=\"1024\" src=\"https:\/\/szkolenia.foto-wizje.pl\/wp-content\/uploads\/2021\/12\/rekomendacja-Obserwatornia-1-653x1024.jpg\" alt=\"\" class=\"wp-image-262\" srcset=\"https:\/\/kb.strefaistnienia.pl\/wp-content\/uploads\/2021\/12\/rekomendacja-Obserwatornia-1-653x1024.jpg 653w, https:\/\/kb.strefaistnienia.pl\/wp-content\/uploads\/2021\/12\/rekomendacja-Obserwatornia-1-191x300.jpg 191w, https:\/\/kb.strefaistnienia.pl\/wp-content\/uploads\/2021\/12\/rekomendacja-Obserwatornia-1-768x1204.jpg 768w, https:\/\/kb.strefaistnienia.pl\/wp-content\/uploads\/2021\/12\/rekomendacja-Obserwatornia-1-980x1536.jpg 980w, https:\/\/kb.strefaistnienia.pl\/wp-content\/uploads\/2021\/12\/rekomendacja-Obserwatornia-1-1306x2048.jpg 1306w, https:\/\/kb.strefaistnienia.pl\/wp-content\/uploads\/2021\/12\/rekomendacja-Obserwatornia-1-1200x1881.jpg 1200w, https:\/\/kb.strefaistnienia.pl\/wp-content\/uploads\/2021\/12\/rekomendacja-Obserwatornia-1-1980x3104.jpg 1980w, https:\/\/kb.strefaistnienia.pl\/wp-content\/uploads\/2021\/12\/rekomendacja-Obserwatornia-1-scaled.jpg 1633w\" sizes=\"auto, (max-width: 653px) 100vw, 653px\" \/><figcaption class=\"wp-element-caption\">Rekomendacje od Envi Agata Sienkiewicz po szkoleniu indywidualnym<\/figcaption><\/figure><\/div>\n\n<div class=\"wp-block-image\">\n<figure class=\"aligncenter size-large is-resized\"><img loading=\"lazy\" decoding=\"async\" width=\"770\" height=\"1024\" src=\"https:\/\/kb.strefaistnienia.pl\/wp-content\/uploads\/2024\/02\/SRCP-770x1024.jpg\" alt=\"\" class=\"wp-image-428\" style=\"width:611px;height:auto\" srcset=\"https:\/\/kb.strefaistnienia.pl\/wp-content\/uploads\/2024\/02\/SRCP-770x1024.jpg 770w, https:\/\/kb.strefaistnienia.pl\/wp-content\/uploads\/2024\/02\/SRCP-226x300.jpg 226w, https:\/\/kb.strefaistnienia.pl\/wp-content\/uploads\/2024\/02\/SRCP-768x1022.jpg 768w, https:\/\/kb.strefaistnienia.pl\/wp-content\/uploads\/2024\/02\/SRCP-1155x1536.jpg 1155w, https:\/\/kb.strefaistnienia.pl\/wp-content\/uploads\/2024\/02\/SRCP-1200x1596.jpg 1200w, https:\/\/kb.strefaistnienia.pl\/wp-content\/uploads\/2024\/02\/SRCP.jpg 1257w\" sizes=\"auto, (max-width: 770px) 100vw, 770px\" \/><figcaption class=\"wp-element-caption\">Rekomendacje od Stowarzyszenia Polski Ruch Czystszej Produkcji, z kt\u00f3rym wsp\u00f3\u0142pracuj\u0119 i kt\u00f3rego jestem cz\u0142onkini\u0105<\/figcaption><\/figure><\/div>\n\n\n<figure class=\"wp-block-image size-large is-resized\"><img loading=\"lazy\" decoding=\"async\" width=\"724\" height=\"1024\" src=\"https:\/\/szkolenia.foto-wizje.pl\/wp-content\/uploads\/2023\/03\/Referencje_-724x1024.jpg\" alt=\"\" class=\"wp-image-390\" style=\"width:600px;height:auto\" srcset=\"https:\/\/kb.strefaistnienia.pl\/wp-content\/uploads\/2023\/03\/Referencje_-724x1024.jpg 724w, https:\/\/kb.strefaistnienia.pl\/wp-content\/uploads\/2023\/03\/Referencje_-212x300.jpg 212w, https:\/\/kb.strefaistnienia.pl\/wp-content\/uploads\/2023\/03\/Referencje_-768x1086.jpg 768w, https:\/\/kb.strefaistnienia.pl\/wp-content\/uploads\/2023\/03\/Referencje_-1086x1536.jpg 1086w, https:\/\/kb.strefaistnienia.pl\/wp-content\/uploads\/2023\/03\/Referencje_-1200x1697.jpg 1200w, https:\/\/kb.strefaistnienia.pl\/wp-content\/uploads\/2023\/03\/Referencje_.jpg 1240w\" sizes=\"auto, (max-width: 724px) 100vw, 724px\" \/><figcaption class=\"wp-element-caption\">        Rekomendacje od Wody Polskie po szkoleniu dedykowanym temu podmiotowi<\/figcaption><\/figure>\n\n\n\n<p><\/p>\n\n\n<div class=\"wp-block-image\">\n<figure class=\"aligncenter size-large\"><img loading=\"lazy\" decoding=\"async\" width=\"1024\" height=\"990\" src=\"https:\/\/szkolenia.foto-wizje.pl\/wp-content\/uploads\/2021\/12\/KB_AB-1024x990.jpg\" alt=\"\" class=\"wp-image-263\" srcset=\"https:\/\/kb.strefaistnienia.pl\/wp-content\/uploads\/2021\/12\/KB_AB-1024x990.jpg 1024w, https:\/\/kb.strefaistnienia.pl\/wp-content\/uploads\/2021\/12\/KB_AB-300x290.jpg 300w, https:\/\/kb.strefaistnienia.pl\/wp-content\/uploads\/2021\/12\/KB_AB-768x742.jpg 768w, https:\/\/kb.strefaistnienia.pl\/wp-content\/uploads\/2021\/12\/KB_AB-1200x1160.jpg 1200w, https:\/\/kb.strefaistnienia.pl\/wp-content\/uploads\/2021\/12\/KB_AB.jpg 1515w\" sizes=\"auto, (max-width: 1024px) 100vw, 1024px\" \/><figcaption class=\"wp-element-caption\">Rekomendacje od CSB Anna Bana\u015b &#8211; organizatorki szkolenia grupowego<\/figcaption><\/figure><\/div>\n\n\n<p><\/p>\n\n\n<div class=\"wp-block-image\">\n<figure class=\"aligncenter size-large\"><img loading=\"lazy\" decoding=\"async\" width=\"713\" height=\"216\" src=\"https:\/\/szkolenia.foto-wizje.pl\/wp-content\/uploads\/2021\/12\/wuycinek-z-czatu.jpg\" alt=\"\" class=\"wp-image-264\" srcset=\"https:\/\/kb.strefaistnienia.pl\/wp-content\/uploads\/2021\/12\/wuycinek-z-czatu.jpg 713w, https:\/\/kb.strefaistnienia.pl\/wp-content\/uploads\/2021\/12\/wuycinek-z-czatu-300x91.jpg 300w\" sizes=\"auto, (max-width: 713px) 100vw, 713px\" \/><figcaption class=\"wp-element-caption\">Informacje z czatu od Uczestnik\u00f3w szkolenia grupowego \ud83d\ude42<\/figcaption><\/figure><\/div>\n\n\n<p><\/p>\n\n\n<div class=\"wp-block-image\">\n<figure class=\"aligncenter size-large\"><img loading=\"lazy\" decoding=\"async\" width=\"967\" height=\"1024\" src=\"https:\/\/szkolenia.foto-wizje.pl\/wp-content\/uploads\/2021\/12\/informacja-od-Uczestnika-967x1024.jpg\" alt=\"\" class=\"wp-image-265\" srcset=\"https:\/\/kb.strefaistnienia.pl\/wp-content\/uploads\/2021\/12\/informacja-od-Uczestnika-967x1024.jpg 967w, https:\/\/kb.strefaistnienia.pl\/wp-content\/uploads\/2021\/12\/informacja-od-Uczestnika-283x300.jpg 283w, https:\/\/kb.strefaistnienia.pl\/wp-content\/uploads\/2021\/12\/informacja-od-Uczestnika-768x814.jpg 768w, https:\/\/kb.strefaistnienia.pl\/wp-content\/uploads\/2021\/12\/informacja-od-Uczestnika-1200x1271.jpg 1200w, https:\/\/kb.strefaistnienia.pl\/wp-content\/uploads\/2021\/12\/informacja-od-Uczestnika.jpg 1429w\" sizes=\"auto, (max-width: 967px) 100vw, 967px\" \/><figcaption class=\"wp-element-caption\">Informacja od jednej z Uczestniczek szkolenia grupowego z raportowania do Krajowej bazy, robionego dla Stowarzyszenia Ruch Czystszej Produkcji <\/figcaption><\/figure><\/div>","protected":false},"excerpt":{"rendered":"","protected":false},"author":3,"featured_media":0,"parent":0,"menu_order":0,"comment_status":"closed","ping_status":"closed","template":"","meta":{"footnotes":""},"class_list":["post-260","page","type-page","status-publish","hentry"],"_links":{"self":[{"href":"https:\/\/kb.strefaistnienia.pl\/index.php\/wp-json\/wp\/v2\/pages\/260","targetHints":{"allow":["GET"]}}],"collection":[{"href":"https:\/\/kb.strefaistnienia.pl\/index.php\/wp-json\/wp\/v2\/pages"}],"about":[{"href":"https:\/\/kb.strefaistnienia.pl\/index.php\/wp-json\/wp\/v2\/types\/page"}],"author":[{"embeddable":true,"href":"https:\/\/kb.strefaistnienia.pl\/index.php\/wp-json\/wp\/v2\/users\/3"}],"replies":[{"embeddable":true,"href":"https:\/\/kb.strefaistnienia.pl\/index.php\/wp-json\/wp\/v2\/comments?post=260"}],"version-history":[{"count":1,"href":"https:\/\/kb.strefaistnienia.pl\/index.php\/wp-json\/wp\/v2\/pages\/260\/revisions"}],"predecessor-version":[{"id":429,"href":"https:\/\/kb.strefaistnienia.pl\/index.php\/wp-json\/wp\/v2\/pages\/260\/revisions\/429"}],"wp:attachment":[{"href":"https:\/\/kb.strefaistnienia.pl\/index.php\/wp-json\/wp\/v2\/media?parent=260"}],"curies":[{"name":"wp","href":"https:\/\/api.w.org\/{rel}","templated":true}]}}