{"id":33,"date":"2020-10-08T17:55:21","date_gmt":"2020-10-08T15:55:21","guid":{"rendered":"http:\/\/szkolenia.obserwatornia.pl\/?page_id=33"},"modified":"2026-02-10T18:22:56","modified_gmt":"2026-02-10T17:22:56","slug":"szkolenia","status":"publish","type":"page","link":"https:\/\/kb.strefaistnienia.pl\/index.php\/szkolenia\/","title":{"rendered":"O szkoleniach"},"content":{"rendered":"\n<p class=\"has-text-align-center has-accent-background-color has-background has-larger-font-size\"><strong>Raportowanie do Krajowej bazy <\/strong><br><strong>o emisjach gaz\u00f3w cieplarnianych <\/strong><br><strong>i innych substancji;<\/strong><br><strong>KOBIZE IO\u015a-PiB<\/strong><\/p>\n\n\n\n<p class=\"has-text-align-center\"><strong><span style=\"background-color:rgba(0, 0, 0, 0)\" class=\"has-inline-color has-vivid-cyan-blue-color\">Szkolenia prowadzone przez mgr in\u017c. Ew\u0119 Michalik-Karda\u015b &#8211; wieloletni\u0105 starsz<\/span><strong><span style=\"background-color:rgba(0, 0, 0, 0)\" class=\"has-inline-color has-vivid-cyan-blue-color\">\u0105<\/span><\/strong><span style=\"background-color:rgba(0, 0, 0, 0)\" class=\"has-inline-color has-vivid-cyan-blue-color\"> specjalistk\u0119 in\u017cynieryjno-techniczn\u0105 <\/span><\/strong><br><strong><span style=\"background-color:rgba(0, 0, 0, 0)\" class=\"has-inline-color has-vivid-cyan-blue-color\">w Zespole Zarz\u0105dzania Krajow\u0105 Baz\u0105 <\/span><br><span style=\"background-color:rgba(0, 0, 0, 0)\" class=\"has-inline-color has-vivid-cyan-blue-color\">KOBiZE IO\u015a-PiB<\/span><\/strong><\/p>\n\n\n\n<p class=\"has-text-align-center has-accent-background-color has-background has-large-font-size\"><strong>Rodzaje szkole\u0144:<\/strong><\/p>\n\n\n\n<ol class=\"wp-block-list\">\n<li><strong>Szkolenia grupowe z <mark style=\"background-color:#000000\" class=\"has-inline-color has-background-color\">raportu standardowego<\/mark><\/strong> <strong>do Krajowej bazy&nbsp;oraz generowanie op\u0142at \u015brodowiskowych w zakresie powietrza&nbsp;i dost\u0119pnego w systemie Krajowej bazy narz\u0119dzia<\/strong><br><\/li>\n\n\n\n<li><strong>Szkolenie grupowe z <mark style=\"background-color:#000000\" class=\"has-inline-color has-background-color\">raportu uproszczonego<\/mark> (raporty od 2022 roku) <strong>do Krajowej bazy&nbsp;oraz generowanie op\u0142at \u015brodowiskowych w zakresie powietrza&nbsp;i dost\u0119pnego w systemie Krajowej bazy narz\u0119dzia<\/strong><\/strong> &#8211; <strong><mark style=\"background-color:#6d6d6d\" class=\"has-inline-color has-background-color\">wy\u0142\u0105cznie dla podmiot\u00f3w spe\u0142niaj\u0105cych kryteria* do wype\u0142nienia raportu skr\u00f3conego<\/mark><\/strong><br><\/li>\n\n\n\n<li><strong>Szkolenia <mark style=\"background-color:#000000\" class=\"has-inline-color has-background-color\">spersonalizowane i indywidualne<\/mark> &#8211; napisz:  raporteko@gmail.com<\/strong><\/li>\n<\/ol>\n\n\n\n<p class=\"has-text-align-center\"><span style=\"background-color:rgba(0, 0, 0, 0);color:#007da3\" class=\"has-inline-color\"><strong>*<\/strong><\/span>kryteria klasyfikuj\u0105ce do raportu uproszczony oraz informacje o tym raporcie znajduj\u0105 si\u0119 tu: <\/p>\n\n\n\n<div class=\"wp-block-buttons is-layout-flex wp-block-buttons-is-layout-flex\">\n<div class=\"wp-block-button\"><a class=\"wp-block-button__link has-cool-to-warm-spectrum-gradient-background has-background wp-element-button\" href=\"https:\/\/szkolenia.foto-wizje.pl\/index.php\/rodzaje-raportow-do-krajowej-bazy\/\" style=\"border-radius:16px\" target=\"_blank\" rel=\"noreferrer noopener\">ZOBACZ, CZY MO\u017bESZ WYKONA\u0106 RAPORT UPROSZCZONY<\/a><\/div>\n<\/div>\n\n\n\n<p class=\"has-text-align-center\">***<\/p>\n\n\n\n<p class=\"has-text-align-center has-accent-background-color has-background has-large-font-size\"><strong>Terminy najbli\u017cszych szkole\u0144  (online): <\/strong><\/p>\n\n\n\n<figure class=\"wp-block-table alignwide is-style-regular has-small-font-size\"><table><tbody><tr><td class=\"has-text-align-center\" data-align=\"center\"><strong><span class=\"has-inline-color has-accent-color\">Rodzaj szkolenia<\/span><\/strong>*<\/td><td class=\"has-text-align-center\" data-align=\"center\"><strong>&nbsp;<span class=\"has-inline-color has-accent-color\">Termin<\/span><\/strong><\/td><td class=\"has-text-align-center\" data-align=\"center\"><strong><span class=\"has-inline-color has-accent-color\">&nbsp;Czas trwania<\/span><\/strong><\/td><td class=\"has-text-align-center\" data-align=\"center\"><strong><mark style=\"background-color:rgba(0, 0, 0, 0)\" class=\"has-inline-color has-accent-color\">Inwestycja<\/mark><\/strong><\/td><\/tr><tr><td class=\"has-text-align-center\" data-align=\"center\"><br>TERMIN W STYCZNIU<\/td><td class=\"has-text-align-center\" data-align=\"center\"><\/td><td class=\"has-text-align-center\" data-align=\"center\"><strong>&nbsp;<\/strong><\/td><td class=\"has-text-align-center\" data-align=\"center\"><\/td><\/tr><tr><td class=\"has-text-align-center\" data-align=\"center\"><br>X<\/td><td class=\"has-text-align-center\" data-align=\"center\"><\/td><td class=\"has-text-align-center\" data-align=\"center\"><\/td><td class=\"has-text-align-center\" data-align=\"center\"><\/td><\/tr><tr><td class=\"has-text-align-center\" data-align=\"center\">TERMIN W LUTYM<mark style=\"background-color:rgba(0, 0, 0, 0)\" class=\"has-inline-color has-primary-color\"><em><strong><strong> <\/strong><\/strong><\/em><\/mark><\/td><td class=\"has-text-align-center\" data-align=\"center\"><\/td><td class=\"has-text-align-center\" data-align=\"center\"><\/td><td class=\"has-text-align-center\" data-align=\"center\"><\/td><\/tr><tr><td class=\"has-text-align-center\" data-align=\"center\"><mark style=\"background-color:rgba(0, 0, 0, 0)\" class=\"has-inline-color has-primary-color\"><em><strong>Raportowanie do Krajowej bazy<\/strong><\/em><strong><em> o emisjach gaz\u00f3w cieplarnianych i innych substancji  <\/em><\/strong><\/mark><mark style=\"background-color:rgba(0, 0, 0, 0)\" class=\"has-inline-color has-secondary-color\"><mark style=\"background-color:#000000\" class=\"has-inline-color has-background-color\"><em><strong>(<strong>raport standardowy<\/strong><\/strong>)<\/em><\/mark><strong><em> <\/em><\/strong><\/mark><mark style=\"background-color:rgba(0, 0, 0, 0)\" class=\"has-inline-color has-primary-color\"><em><strong><strong>oraz generowanie i wype\u0142nianie wykazu op\u0142atowego za korzystanie ze \u015brodowiska w zakresie powietrza za pomoc\u0105 dost\u0119pnego w systemie Krajowej bazy narz\u0119dzia<\/strong><\/strong><\/em><\/mark><br><\/td><td class=\"has-text-align-center\" data-align=\"center\"><strong>&nbsp;2025.02.<\/strong>13<\/td><td class=\"has-text-align-center\" data-align=\"center\"><strong>&nbsp;09.00-15.<\/strong>15&nbsp;<\/td><td class=\"has-text-align-center\" data-align=\"center\"><strong>555 z\u0142<br>(zw. z VAT)<\/strong><\/td><\/tr><\/tbody><\/table><figcaption class=\"wp-element-caption\"><mark style=\"background-color:#000000\" class=\"has-inline-color has-background-color\">*<\/mark> informacje o rodzajach raport\u00f3w do Krajowej bazy (raporty: standardowy i uproszczony) oraz o w\u0142a\u015bciwym wyborze szkolenia:<a href=\"https:\/\/kb.strefaistnienia.pl\/index.php\/rodzaje-raportow-do-krajowej-bazy\/\" target=\"_blank\" rel=\"noreferrer noopener\"> KLIKNIJ TU<\/a> !!! <br>B\u0105d\u017a pewna\/pewien co wybierasz <\/figcaption><\/figure>\n\n\n\n<p class=\"has-text-align-center\" style=\"font-size:25px\">***<br><strong>Szkolenia indywidualne\/spersonalizowane<\/strong>: <br><span class=\"has-inline-color has-accent-color\"><strong>do ustalenia indywidualnie<\/strong><\/span> <span class=\"has-inline-color has-accent-color\"><strong>(e-mailowo \/ telefonicznie)<\/strong><\/span><\/p>\n\n\n\n<p class=\"has-text-align-center has-background-color has-accent-background-color has-text-color has-background has-larger-font-size\"><strong>Program szkolenia:<\/strong><\/p>\n\n\n\n<p class=\"has-text-align-center\"><strong>I. Raportowanie do Krajowej bazy o emisjach gaz\u00f3w cieplarnianych i innych substancji<\/strong><\/p>\n\n\n\n<ol class=\"wp-block-list\">\n<li>Om\u00f3wienie (bez przynudzania) podstaw prawnych dotycz\u0105cych obowi\u0105zku sk\u0142adania raportu do Krajowej bazy oraz wprowadzenie do tematu.<br><\/li>\n\n\n\n<li>Skuteczne znajdywanie odpowiedzi na pytania dotycz\u0105ce raportu, przydatne linki, pozyskiwanie informacji na temat wska\u017anik\u00f3w emisji z danej aktywno\u015bci, \u017ar\u00f3d\u0142a wska\u017anik\u00f3w emisji oraz sposoby jej obliczania.<br><\/li>\n\n\n\n<li>Zasady rejestracji w Krajowej bazie, aktualizacja danych i dost\u0119pne formularze.<br><\/li>\n\n\n\n<li>Funkcje i role w Krajowej bazie: osoby upowa\u017cnione, g\u0142\u00f3wny u\u017cytkownik, dodatkowy u\u017cytkownik.<br><\/li>\n\n\n\n<li>Wprowadzanie raportu dla podmiotu do Krajowej bazy:<br>\u2013 Logowanie,<br>\u2013 Rodzaje raport\u00f3w do Krajowej bazy: raport standardowy i raport uproszczony,<br>\u2013 Struktura raportu w zale\u017cno\u015bci od prowadzonych aktywno\u015bci, <br>\u2013 Optymalny spos\u00f3b poruszania si\u0119 po systemie,<br>\u2013 Zakres raportu w zale\u017cno\u015bci od rodzaju prowadzonej dzia\u0142alno\u015bci skutkuj\u0105cej emisj\u0105 zanieczyszcze\u0144 do powietrza, w tym: sprawozdanie z eksploatacji urz\u0105dze\u0144, zak\u0142adanie miejsca korzystania ze \u015brodowiska, sporz\u0105dzanie sprawozdania dla miejsca korzystania ze \u015brodowiska, sprawozdanie z przedsi\u0119wzi\u0119\u0107 inwestycyjnych,<br>\u2013 Najcz\u0119\u015bciej wyst\u0119puj\u0105ce typy instalacji, urz\u0105dze\u0144 oraz proces\u00f3w i spos\u00f3b ich wprowadzenia,<br>\u2013 Najcz\u0119\u015bciej pope\u0142niane b\u0142\u0119dy i sposoby ich unikania\/naprawiania,<br>\u2013 Wysy\u0142anie raportu oraz jego ewentualna korekta,<br>\u2013 Niuanse, przydatne w dope\u0142nieniu obowi\u0105zku sprawozdawczego zwi\u0105zanego z raportowaniem do Krajowej bazy oraz obowi\u0105zkiem z\u0142o\u017cenia wykazu op\u0142atowego<br><br><strong>II. Obowi\u0105zek sk\u0142adania wykazu op\u0142atowego i wnoszenia op\u0142at za korzystanie ze \u015brodowiska oraz generowanie wykazu op\u0142atowego za korzystanie ze \u015brodowiska w zakresie powietrza za pomoc\u0105 narz\u0119dzia dost\u0119pnego w systemie Krajowej bazy<\/strong><br><\/li>\n\n\n\n<li>Podstawy prawne dotycz\u0105ce obowi\u0105zku sk\u0142adania wykaz\u00f3w i wnoszenia op\u0142at za korzystanie ze \u015brodowiska.<br><\/li>\n\n\n\n<li>Wype\u0142nianie wykazu op\u0142atowego za korzystanie ze \u015brodowiska w zakresie powietrza<br>\u2013 Zakres wykazu za op\u0142atowego,<br>\u2013 Sp\u00f3jno\u015b\u0107 systemu Krajowej bazy z wykazem op\u0142atowym,<br>\u2013 Uzupe\u0142nianie danych w wykazie op\u0142atowym,<br>\u2013 Pu\u0142apki, ryzyka &#8211; czyli na co zwraca\u0107 szczeg\u00f3ln\u0105 uwag\u0119<br><\/li>\n\n\n\n<li>Formy dostarczenia gotowego wykazu op\u0142atowego do w\u0142a\u015bciwych Urz\u0119d\u00f3w Marsza\u0142kowskich i wnoszenie op\u0142at za korzystanie ze \u015brodowiska.<\/li>\n<\/ol>\n\n\n\n<p class=\"has-text-align-center has-accent-color has-text-color has-large-font-size\"><strong>Na szkoleniu:<\/strong><\/p>\n\n\n\n<p class=\"has-text-align-center\">&#8211;  Powiem o tym, Kto ma obowi\u0105zek raportowania do Krajowej bazy KOBiZE, w jakim terminie nale\u017cy si\u0119 wywi\u0105za\u0107 z obowi\u0105zku raportowania o emisjach, jakiego zakresu dzia\u0142alno\u015bci dotyczy raport, jakie jest spektrum substancji, kt\u00f3re obejmuje obowi\u0105zek sprawozdawczy i w jaki spos\u00f3b wype\u0142nia si\u0119 raport.<br>&#8211; Przedstawi\u0119 (odpowiednio kr\u00f3tko) podstawy prawne dotycz\u0105ce raportowania do Krajowej bazy oraz wykazu op\u0142atowego,<br>&#8211; Powiem o tym, jak za\u0142o\u017cy\u0107 konto w systemie Krajowej bazy <br>i jak aktualizowa\u0107 w nim dane<br>&#8211; Om\u00f3wimy role jakie s\u0105 w systemie Krajowej bazy (kto co powinien robi\u0107? i jakie ma uprawnienia?)<br>&#8211; Zadbam, by struktura systemu Krajowej bazy by\u0142a klarownie przedstawiona,<br>&#8211; Wyja\u015bni\u0119 jakie dane maj\u0105 by\u0107 wprowadzone do ka\u017cdej zak\u0142adki raportu i zwr\u00f3c\u0119 uwag\u0119 na wa\u017cne detale,<br>&#8211; Poka\u017c\u0119 jak poprawnie wype\u0142nia\u0107 i wysy\u0142a\u0107 raport do Krajowej bazy, <br>&#8211; Przeka\u017c\u0119 dobre nawyki w poruszaniu si\u0119 po systemie Krajowej bazy (zasady kopiowania danych z lat poprzednich, zasady zapisywania danych, znajomo\u015b\u0107 niuans\u00f3w i r\u00f3\u017cnic w systemie na przestrzeni lat, optymalizacj\u0119 i wszelkie u\u0142atwienia w pracy przy raporcie),<br>&#8211; Poka\u017c\u0119 najcz\u0119\u015bciej wyst\u0119puj\u0105ce b\u0142\u0119dy,<br>&#8211; Przedstawi\u0119, z jakich przygotowanych przez KOBiZE \u017ar\u00f3de\u0142 pomocy korzysta\u0107 w razie potrzeby, gdzie ich szuka\u0107,<br>&#8211; Poka\u017c\u0119, gdzie szuka\u0107 wska\u017anik\u00f3w emisji i jakie s\u0105 zasady wyznaczania wielko\u015bci emisji zanieczyszcze\u0144 do powietrza,<br>&#8211; Przedstawi\u0119 wykaz op\u0142atowy i spos\u00f3b generowania go za pomoc\u0105 dost\u0119pnego na stronie Kb narz\u0119dzia oraz uzupe\u0142nianie w nim danych,<br>&#8211; Powiem na co nale\u017cy zwraca\u0107 uwag\u0119 w wykazie op\u0142atowym i jakie dane nale\u017cy dodatkowo uzupe\u0142ni\u0107,<\/p>\n\n\n\n<p class=\"has-text-align-center\">*<em>Na tym szkoleniu dostaniesz mo\u017cliwo\u015b\u0107 zdobycia umiej\u0119tno\u015bci i wiedzy od wieloletniej cz\u0142onkini Zespo\u0142u Zarz\u0105dzania Krajow\u0105 Baz\u0105 (wcze\u015bniej: Zespo\u0142u Ochrony Powietrza) KOBiZE, kt\u00f3ra bardzo dobrze zna system i przez wiele lat go wsp\u00f3\u0142tworzy\u0142a, ma \u0142atwo\u015b\u0107 w przekazywaniu wiedzy i przez wiele lat pomaga\u0142a tysi\u0105com ludzi w skutecznym przej\u015bciu przez obowi\u0105zek raportowania.<\/em><\/p>\n\n\n\n<p class=\"has-text-align-center\"><\/p>\n\n\n\n<p class=\"has-text-align-center has-accent-background-color has-background has-large-font-size\"><strong>Inwestycja w szkolenie<\/strong><\/p>\n\n\n\n<p class=\"has-text-align-center has-large-font-size\">***<br><strong><span style=\"background-color:rgba(0, 0, 0, 0)\" class=\"has-inline-color has-accent-color\">Szkolenie grupowe<\/span> (online): <\/strong><br><span style=\"background-color:rgba(0, 0, 0, 0);color:#0024a3\" class=\"has-inline-color\"><strong> Raport standardowy (RS):<\/strong><\/span><span style=\"background-color:rgba(0, 0, 0, 0)\" class=\"has-inline-color has-accent-color\"> <\/span><strong>555<\/strong><strong> z\u0142<\/strong> (zw. z VAT)*<br><span style=\"background-color:rgba(0, 0, 0, 0);color:#0024a3\" class=\"has-inline-color\"><strong>Raport uproszczony (RU):<\/strong><\/span> <strong>444 z\u0142<\/strong> (zw. z VAT)*<\/p>\n\n\n\n<p class=\"has-text-align-center has-large-font-size\">*<strong>w cennie szkolenia s\u0105 pi\u0119ciodniowe (dni robocze) konsultacje po szkoleniu<\/strong> <strong>&#8211; mo\u017cliwo\u015b\u0107 zadawania pyta\u0144 zwi\u0105zanych z tematyk\u0105 szkolenia<\/strong><\/p>\n\n\n\n<p class=\"has-text-align-center has-large-font-size\">***<br><span style=\"background-color:rgba(0, 0, 0, 0)\" class=\"has-inline-color has-accent-color\"><strong>Szkolenie indywidualne\/spersonalizowane\/<\/strong><\/span><br><span style=\"background-color:rgba(0, 0, 0, 0)\" class=\"has-inline-color has-accent-color\"><strong>pomoc dora\u017ana:<\/strong> <\/span><br><strong>zakres, terminy i wynagrodzenie &#8211; do ustalenia<\/strong>:<br>napisz: <a href=\"mailto:raporteko@gmail.com\" target=\"_blank\" rel=\"noreferrer noopener\">raporteko@gmail.com<\/a><br>lub zadzwo\u0144: <strong>694 127 747 <\/strong><br>(je\u015bli nie odbieram napisz prosz\u0119 maila)<\/p>\n\n\n\n<p class=\"has-text-align-center has-background-color has-accent-background-color has-text-color has-background has-large-font-size\"><strong>Warunki uczestnictwa w szkoleniu grupowym:<\/strong><\/p>\n\n\n\n<p class=\"has-text-align-center\"><strong>1. Przes\u0142anie wype\u0142nionego formularza jest pierwszym etapem zg\u0142oszenia.<\/strong>  <strong>Uczestnictwo w szkoleniu gwarantuje przedp\u0142ata.<\/strong><\/p>\n\n\n\n<p class=\"has-text-align-center\"><strong>P\u0142atno\u015b\u0107 powinna by\u0107 przekazana w formie przedp\u0142aty na konto firmy Strefa Istnienia &#8211; Ewa Michalik-Karda\u015b<br>mbank: 31 1140 2004 0000 3402 7971 0167<\/strong><br><strong>Tytu\u0142em: Szkolenie KB<\/strong> <strong>+ data szkolenia<\/strong><\/p>\n\n\n\n<p class=\"has-text-align-center\">2. <strong>Wp\u0142at\u0119 na konto potwierdzamy mailowo przed szkoleniem.<\/strong><br><strong>Wys\u0142anie potwierdzenia skutkuje wys\u0142aniem linku do szkolenia Uczestnikom.<\/strong><\/p>\n\n\n\n<p class=\"has-text-align-center\"><strong><strong><strong><strong><strong><strong>3. Rezygnacji z udzia\u0142u w szkoleniu mo\u017cna dokona\u0107 najp\u00f3\u017aniej do godziny 12.00 w dniu roboczym poprzedzaj\u0105cym szkolenie, wy\u0142\u0105cznie w formie pisemnej, poprzez e-mail: <a href=\"mailto:raporteko@gmail.com\" target=\"_blank\" rel=\"noreferrer noopener\">raporteko@gmail.com<\/a><\/strong><br>Rezygnacja w p\u00f3\u017aniejszym terminie spowoduje zwrot wy\u0142\u0105cznie 200 z\u0142 z wniesionej przedp\u0142aty<\/strong><\/strong><\/strong>.<\/strong><\/strong><\/p>\n\n\n\n<p class=\"has-text-align-center\"><strong>4.<\/strong> <strong>Organizator mo\u017ce odwo\u0142a\u0107 szkolenie.<br>W takiej sytuacji przedp\u0142aty zostan\u0105 niezw\u0142ocznie zwr\u00f3cone.<\/strong><\/p>\n\n\n\n<p class=\"has-text-align-center\">* Warunki powsta\u0142y dlatego, \u017ce nie ka\u017cda Osoba uczciwie wywi\u0105zuje si\u0119 z obowi\u0105zku wniesienia wynagrodzenia, gdy ma to zrobi\u0107 po szkoleniu, wi\u0119c musia\u0142am w toku dzia\u0142alno\u015bci zmodyfikowa\u0107 swoje podej\u015bcie. <br>Mam nadziej\u0119, \u017ce rozumiesz&#8230; \ud83d\ude42<\/p>\n\n\n\n<p class=\"has-text-align-center has-accent-color has-subtle-background-background-color has-text-color has-background has-large-font-size\"><strong>OSOBY CH\u0118TNE, KT\u00d3RE ZG\u0141OSZ\u0104 TAK\u0104 POTRZEB\u0118  E-MAILOWO, <\/strong><br><strong>OTRZYMAJ\u0104 PO SZKOLENIU <\/strong><br><strong>CERTYFIKAT<\/strong>.<\/p>\n\n\n\n<div class=\"wp-block-buttons is-layout-flex wp-block-buttons-is-layout-flex\">\n<div class=\"wp-block-button\"><a class=\"wp-block-button__link has-background wp-element-button\" href=\"https:\/\/forms.gle\/PAz9UuHDL6zKKKX6A\" style=\"border-radius:50px;background:linear-gradient(135deg,rgb(254,205,165) 0%,rgb(11,131,182) 25%,rgb(135,108,234) 39%,rgb(254,45,45) 54%,rgb(107,0,62) 100%)\" target=\"_blank\" rel=\"noreferrer noopener\">ZAPISY NA SZKOLENIE Z KRAJOWEJ BAZY &#8211; KLIKNIJ TUTAJ<\/a><\/div>\n<\/div>\n\n\n\n<p class=\"has-text-align-center\" style=\"font-size:25px\"><span style=\"background-color:rgba(0, 0, 0, 0);color:#50c89f\" class=\"has-inline-color\"><strong>Kontakt :<\/strong><\/span><\/p>\n\n\n\n<p class=\"has-text-align-center\" style=\"font-size:25px\">e-mail: <strong><span class=\"has-inline-color has-accent-color\">raporteko@gmail.com<\/span><\/strong><br>telefon: <strong><span class=\"has-inline-color has-accent-color\">694 127 747<\/span><\/strong><\/p>\n\n\n\n<p><\/p>\n","protected":false},"excerpt":{"rendered":"<p>Raportowanie do Krajowej bazy o emisjach gaz\u00f3w cieplarnianych i innych substancji;KOBIZE IO\u015a-PiB Szkolenia prowadzone przez mgr in\u017c. Ew\u0119 Michalik-Karda\u015b &#8211; wieloletni\u0105 starsz\u0105 specjalistk\u0119 in\u017cynieryjno-techniczn\u0105 w Zespole Zarz\u0105dzania Krajow\u0105 Baz\u0105 KOBiZE IO\u015a-PiB Rodzaje szkole\u0144: *kryteria klasyfikuj\u0105ce do raportu uproszczony oraz informacje o tym raporcie znajduj\u0105 si\u0119 tu: *** Terminy najbli\u017cszych szkole\u0144 (online): Rodzaj szkolenia* &nbsp;Termin &nbsp;Czas [&hellip;]<\/p>\n","protected":false},"author":3,"featured_media":0,"parent":0,"menu_order":0,"comment_status":"closed","ping_status":"closed","template":"","meta":{"footnotes":""},"class_list":["post-33","page","type-page","status-publish","hentry"],"_links":{"self":[{"href":"https:\/\/kb.strefaistnienia.pl\/index.php\/wp-json\/wp\/v2\/pages\/33","targetHints":{"allow":["GET"]}}],"collection":[{"href":"https:\/\/kb.strefaistnienia.pl\/index.php\/wp-json\/wp\/v2\/pages"}],"about":[{"href":"https:\/\/kb.strefaistnienia.pl\/index.php\/wp-json\/wp\/v2\/types\/page"}],"author":[{"embeddable":true,"href":"https:\/\/kb.strefaistnienia.pl\/index.php\/wp-json\/wp\/v2\/users\/3"}],"replies":[{"embeddable":true,"href":"https:\/\/kb.strefaistnienia.pl\/index.php\/wp-json\/wp\/v2\/comments?post=33"}],"version-history":[{"count":29,"href":"https:\/\/kb.strefaistnienia.pl\/index.php\/wp-json\/wp\/v2\/pages\/33\/revisions"}],"predecessor-version":[{"id":553,"href":"https:\/\/kb.strefaistnienia.pl\/index.php\/wp-json\/wp\/v2\/pages\/33\/revisions\/553"}],"wp:attachment":[{"href":"https:\/\/kb.strefaistnienia.pl\/index.php\/wp-json\/wp\/v2\/media?parent=33"}],"curies":[{"name":"wp","href":"https:\/\/api.w.org\/{rel}","templated":true}]}}